he remainder when 36040 is divided by 27?
22
Calculate the remainder when 98513 is divided by 921.
887
What is the remainder when 89319054 is divided by 3?
0
Calculate the remainder when 2797367 is divided by 2469.
2459
Calculate the remainder when 235765 is divided by 21.
19
What is the remainder when 99928781 is divided by 1952?
45
Calculate the remainder when 405713 is divided by 735.
728
Calculate the remainder when 199717 is divided by 4480.
2597
Calculate the remainder when 211087 is divided by 70223.
418
What is the remainder when 167563 is divided by 209?
154
Calculate the remainder when 32268940 is divided by 8067230.
20
What is the remainder when 21694052 is divided by 104?
68
Calculate the remainder when 59532 is divided by 19838.
18
What is the remainder when 222378 is divided by 110942?
494
Calculate the remainder when 8596050 is divided by 5021.
98
Calculate the remainder when 113158 is divided by 770.
738
What is the remainder when 9618 is divided by 3185?
63
Calculate the remainder when 349166 is divided by 12469.
34
Calculate the remainder when 156934 is divided by 575.
534
Calculate the remainder when 289802 is divided by 28962.
182
Calculate the remainder when 528292 is divided by 66018.
148
Calculate the remainder when 28476 is divided by 5.
1
What is the remainder when 7439344 is divided by 419?
418
Calculate the remainder when 2731563 is divided by 13.
3
Calculate the remainder when 9066808 is divided by 3022261.
25
Calculate the remainder when 164231426 is divided by 13.
8
Calculate the remainder when 101900302 is divided by 1104.
1102
Calculate the remainder when 164417 is divided by 23406.
575
What is the remainder when 1453154 is divided by 2340?
14
Calculate the remainder when 2334569 is divided by 408.
401
What is the remainder when 778860 is divided by 802?
118
What is the remainder when 135750777 is divided by 1199?
1196
Calculate the remainder when 19439476 is divided by 70.
56
Calculate the remainder when 3653376 is divided by 1136.
0
Calculate the remainder when 720272 is divided by 236.
0
Calculate the remainder when 362137 is divided by 68.
37
What is the remainder when 48181 is divided by 9514?
611
What is the remainder when 2541435 is divided by 63?
15
What is the remainder when 96251771 is divided by 17?
15
What is the remainder when 562599 is divided by 2031?
12
What is the remainder when 2813492 is divided by 8474?
124
Calculate the remainder when 1306520 is divided by 78.
20
What is the remainder when 114366 is divided by 28585?
26
What is the remainder when 157209 is divided by 3804?
1245
Calculate the remainder when 188272 is divided by 753.
22
Calculate the remainder when 117474 is divided by 811.
690
Calculate the remainder when 4284630 is divided by 1684.
534
Calculate the remainder when 1872599 is divided by 9.
5
What is the remainder when 50680806 is divided by 17?
15
What is the remainder when 1951987 is divided by 3074?
3071
Calculate the remainder when 135181892 is divided by 143.
131
What is the remainder when 89271 is divided by 5577?
39
What is the remainder when 998693 is divided by 29366?
249
Calculate the remainder when 54516024 is divided by 29.
26
Calculate the remainder when 3298371 is divided by 422.
19
Calculate the remainder when 2260322 is divided by 3488.
98
Calculate the remainder when 3743856 is divided by 170175.
6
Calculate the remainder when 2564878 is divided by 38.
30
What is the remainder when 948636 is divided by 227?
3
What is the remainder when 1065711 is divided by 1681?
1638
What is the remainder when 9248730 is divided by 1924?
62
What is the remainder when 823952 is divided by 1308?
1220
Calculate the remainder when 15922051 is divided by 995128.
3
Calculate the remainder when 670792 is divided by 36.
4
Calculate the remainder when 39447 is divided by 2191.
9
What is the remainder when 6130623 is divided by 235793?
5
What is the remainder when 35549120 is divided by 7?
5
What is the remainder when 7762 is divided by 4634?
3128
Calculate the remainder when 415195 is divided by 3075.
70
Calculate the remainder when 4904727 is divided by 10.
7
Calculate the remainder when 65428865 is divided by 73.
60
Calculate the remainder when 404490 is divided by 1732.
934
Calculate the remainder when 1456837 is divided by 103.
5
What is the remainder when 9825280 is divided by 307037?
96
What is the remainder when 78783 is divided by 244?
215
What is the remainder when 111254 is divided by 77?
66
What is the remainder when 544761 is divided by 90789?
27
Calculate the remainder when 145126 is divided by 48375.
1
What is the remainder when 131903 is divided by 560?
303
What is the remainder when 588210 is divided by 127?
73
What is the remainder when 19923098 is divided by 4747?
4686
Calculate the remainder when 11802076 is divided by 160.
156
Calculate the remainder when 328892 is divided by 25.
17
Calculate the remainder when 3048600 is divided by 1943.
33
Calculate the remainder when 8078728 is divided by 1154102.
14
Calculate the remainder when 6578298 is divided by 2474.
2406
What is the remainder when 96694 is divided by 13808?
38
What is the remainder when 323944 is divided by 168?
40
What is the remainder when 122170156 is divided by 32?
12
Calculate the remainder when 86630572 is divided by 152.
148
What is the remainder when 1862140 is divided by 559?
111
What is the remainder when 6515617 is divided by 625?
617
Calculate the remainder when 275056 is divided by 68756.
32
What is the remainder when 669286 is divided by 361?
353
What is the remainder when 1043593 is divided by 115737?
1960
What is the remainder when 10963882 is divided by 3654625?
7
What is the remainder when 460222 is divided by 129?
79
Calculate the remainder when 419351 is divided by 51878.
4327
Calculate the remainder when 3348058 is divided by 816.
10
What is the remainder when 5716977 is divided by 768?
753
What is the remainder when 376779 is divided by 1656?
867
What is the remainder when 2801770 is divided by 2561?
36
What is the remainder when 6601612 is divided by 804?
772
Calculate the remainder when 353083 is divided by 4306.
4297
What is the remainder when 5296863 is divided by 5617?
32
Calculate the remainder when 2034491 is divided by 1252.
1243
Calculate the remainder when 412925 is divided by 82431.
770
Calculate the remainder when 287807 is divided by 2640.
47
Calculate the remainder when 20230099 is divided by 3556.
15
Calculate the remainder when 10404359 is divided by 2479.
2475
Calculate the remainder when 452026 is divided by 37.
34
Calculate the remainder when 10900975 is divided by 10900947.
28
Calculate the remainder when 31439 is divided by 10308.
515
What is the remainder when 359042228 is divided by 42?
20
What is the remainder when 510161 is divided by 101851?
906
Calculate the remainder when 80613 is divided by 13396.
237
What is the remainder when 383041 is divided by 1368?
1
What is the remainder when 1248789 is divided by 217?
171
What is the remainder when 1399650910 is divided by 96?
94
What is the remainder when 589016 is divided by 21?
8
Calculate the remainder when 6785866 is divided by 1357173.
1
Calculate the remainder when 289804 is divided by 248.
140
What is the remainder when 6205938 is divided by 134?
130
Calculate the remainder when 12425346 is divided by 1355.
1351
Calculate the remainder when 1132593 is divided by 573.
345
What is the remainder when 2735129 is divided by 547022?
19
What is the remainder when 64375 is divided by 414?
205
What is the remainder when 101964 is divided by 2059?
1073
Calculate the remainder when 462027 is divided by 3818.
49
What is the remainder when 39725565 is divided by 3728?
3725
Calculate the remainder when 14951651 is divided by 747582.
11
What is the remainder when 371704 is divided by 753?
475
Calculate the remainder when 145562 is divided by 2464.
186
What is the remainder when 78100846 is divided by 126?
124
What is the remainder when 596706 is divided by 277?
48
Calculate the remainder when 382196 is divided by 382190.
6
What is the remainder when 532443 is divided by 2619?
786
Calculate the remainder when 11768 is divided by 4776.
2216
Calculate the remainder when 23671379 is divided by 10190.
9
Calculate the rem